{"id":12,"date":"2023-09-16T21:14:19","date_gmt":"2023-09-16T21:14:19","guid":{"rendered":"https:\/\/acweber.dk\/?page_id=12"},"modified":"2023-09-19T23:07:56","modified_gmt":"2023-09-19T21:07:56","slug":"ommig","status":"publish","type":"page","link":"https:\/\/acweber.dk\/index.php\/ommig\/","title":{"rendered":"Om mig"},"content":{"rendered":"\n<div class=\"wp-block-media-text has-media-on-the-right is-stacked-on-mobile is-vertically-aligned-top\" style=\"grid-template-columns:auto 32%\"><div class=\"wp-block-media-text__content\">\n<p><strong>Uddannelse<\/strong><\/p>\n\n\n\n<p>Jeg blev uddannet l\u00e6rer fra Blaagaard Seminarium i 2009, med linjefagene Matematik, Natur og Teknik, Billedkunst og H\u00e5ndarbejde. Jeg har siden jeg blev f\u00e6rdig som l\u00e6rer, og indtil 2023 arbejdet p\u00e5 Bagsv\u00e6rd Skole i Gladsaxe kommune.&nbsp;<\/p>\n\n\n\n<p>I 2013 tog jeg en certificeringsuddannelse i l\u00e6ringsstile, Mitt Universtitet v. Lena Bostr\u00f6m og Marianne Schmidt, en uddannelse som i den grad har sat sit pr\u00e6g p\u00e5 min tilgang til l\u00e6ring og som s\u00e6tter sine spor i den undervisning jeg ud\u00f8ver.&nbsp;<\/p>\n\n\n\n<p>I 2019 afsluttede jeg den p\u00e6dagogiske diplomuddannelse med retning som matematikvejleder via K\u00f8benhavns Professions h\u00f8jskole. En uddannelse der i h\u00f8j grad har udviklet mig som l\u00e6rer, b\u00e5de hvad ang\u00e5r den nyeste forskning og refleksion over min egen rolle som l\u00e6rer. I mit afgangsprojekt arbejdede jeg med hvordan vi kan inddrage for\u00e6ldre i den nyeste udvikling, s\u00e6rligt med fokus p\u00e5 regnestrategier. Begge er omr\u00e5der som jeg er s\u00e6rligt optaget af.&nbsp;<\/p>\n\n\n\n<p>I sommeren 2023 opsagde jeg min stilling for at starte p\u00e5 en kandidat i matematik didaktik. Min interesse ligger inden for matematikken og hvordan vi kan optimere undervisningen s\u00e5 eleverne f\u00e5r det st\u00f8rste udbytte, b\u00e5de rent fagfagligt s\u00e5vel som personligt.&nbsp;<\/p>\n\n\n\n<p><strong>Privat<\/strong><\/p>\n\n\n\n<p>Privat bor jeg i S\u00f8borg sammen med min familie, min mand og vores to dejlige b\u00f8rn.<\/p>\n<\/div><figure class=\"wp-block-media-text__media\"><img loading=\"lazy\" decoding=\"async\" width=\"683\" height=\"1024\" src=\"https:\/\/acweber.dk\/wp-content\/uploads\/2023\/09\/AC-DSC02829-683x1024.jpg\" alt=\"\" class=\"wp-image-74 size-full\" srcset=\"https:\/\/acweber.dk\/wp-content\/uploads\/2023\/09\/AC-DSC02829-683x1024.jpg 683w, https:\/\/acweber.dk\/wp-content\/uploads\/2023\/09\/AC-DSC02829-200x300.jpg 200w, https:\/\/acweber.dk\/wp-content\/uploads\/2023\/09\/AC-DSC02829-768x1152.jpg 768w, https:\/\/acweber.dk\/wp-content\/uploads\/2023\/09\/AC-DSC02829-1024x1536.jpg 1024w, https:\/\/acweber.dk\/wp-content\/uploads\/2023\/09\/AC-DSC02829-1366x2048.jpg 1366w, https:\/\/acweber.dk\/wp-content\/uploads\/2023\/09\/AC-DSC02829.jpg 1575w\" sizes=\"auto, (max-width: 683px) 100vw, 683px\" \/><\/figure><\/div>\n","protected":false},"excerpt":{"rendered":"<p>Uddannelse Jeg blev uddannet l\u00e6rer fra Blaagaard Seminarium i 2009, med linjefagene Matematik, Natur og Teknik, Billedkunst og H\u00e5ndarbejde. Jeg har siden jeg blev f\u00e6rdig som l\u00e6rer, og indtil 2023 arbejdet p\u00e5 Bagsv\u00e6rd Skole i Gladsaxe kommune.&nbsp; I 2013 tog jeg en certificeringsuddannelse i l\u00e6ringsstile, Mitt Universtitet v. Lena Bostr\u00f6m og Marianne Schmidt, en uddannelse [&hellip;]<\/p>\n","protected":false},"author":2,"featured_media":164,"parent":0,"menu_order":0,"comment_status":"closed","ping_status":"closed","template":"","meta":{"footnotes":""},"class_list":["post-12","page","type-page","status-publish","has-post-thumbnail","hentry"],"_links":{"self":[{"href":"https:\/\/acweber.dk\/index.php\/wp-json\/wp\/v2\/pages\/12","targetHints":{"allow":["GET"]}}],"collection":[{"href":"https:\/\/acweber.dk\/index.php\/wp-json\/wp\/v2\/pages"}],"about":[{"href":"https:\/\/acweber.dk\/index.php\/wp-json\/wp\/v2\/types\/page"}],"author":[{"embeddable":true,"href":"https:\/\/acweber.dk\/index.php\/wp-json\/wp\/v2\/users\/2"}],"replies":[{"embeddable":true,"href":"https:\/\/acweber.dk\/index.php\/wp-json\/wp\/v2\/comments?post=12"}],"version-history":[{"count":7,"href":"https:\/\/acweber.dk\/index.php\/wp-json\/wp\/v2\/pages\/12\/revisions"}],"predecessor-version":[{"id":156,"href":"https:\/\/acweber.dk\/index.php\/wp-json\/wp\/v2\/pages\/12\/revisions\/156"}],"wp:featuredmedia":[{"embeddable":true,"href":"https:\/\/acweber.dk\/index.php\/wp-json\/wp\/v2\/media\/164"}],"wp:attachment":[{"href":"https:\/\/acweber.dk\/index.php\/wp-json\/wp\/v2\/media?parent=12"}],"curies":[{"name":"wp","href":"https:\/\/api.w.org\/{rel}","templated":true}]}}