{"id":301,"date":"2023-09-20T13:35:36","date_gmt":"2023-09-20T11:35:36","guid":{"rendered":"https:\/\/acweber.dk\/?page_id=301"},"modified":"2024-08-08T10:16:57","modified_gmt":"2024-08-08T08:16:57","slug":"matematik-i-spil-og-leg","status":"publish","type":"page","link":"https:\/\/acweber.dk\/index.php\/matematik-i-spil-og-leg\/","title":{"rendered":"Matematik i spil og leg"},"content":{"rendered":"\n<h2 class=\"wp-block-heading\"><strong>Matematik i spil og leg<\/strong><\/h2>\n\n\n\n<p>Her finder du materialer til workshoppen&nbsp;<em>matematik i spil og leg<\/em>. Workshoppen er delt op i forskellige v\u00e6rksteder. Du finder ligeledes en beskrivelse af v\u00e6rkstederne samt en invitation der kan h\u00e6nges op ved klassen.<\/p>\n\n\n\n<div class=\"wp-block-columns is-layout-flex wp-container-core-columns-is-layout-28f84493 wp-block-columns-is-layout-flex\">\n<div class=\"wp-block-column is-layout-flow wp-block-column-is-layout-flow\">\n<figure class=\"wp-block-image size-large\"><a href=\"https:\/\/acweber.dk\/wp-content\/uploads\/2023\/09\/Koeleskabsseddel.pdf\" target=\"_blank\" rel=\"noreferrer noopener\"><img loading=\"lazy\" decoding=\"async\" width=\"1024\" height=\"1024\" src=\"https:\/\/acweber.dk\/wp-content\/uploads\/2023\/10\/Koeleskabsseddel-turkis-billede-1024x1024.png\" alt=\"\" class=\"wp-image-540\" srcset=\"https:\/\/acweber.dk\/wp-content\/uploads\/2023\/10\/Koeleskabsseddel-turkis-billede-1024x1024.png 1024w, https:\/\/acweber.dk\/wp-content\/uploads\/2023\/10\/Koeleskabsseddel-turkis-billede-300x300.png 300w, https:\/\/acweber.dk\/wp-content\/uploads\/2023\/10\/Koeleskabsseddel-turkis-billede-150x150.png 150w, https:\/\/acweber.dk\/wp-content\/uploads\/2023\/10\/Koeleskabsseddel-turkis-billede-768x768.png 768w, https:\/\/acweber.dk\/wp-content\/uploads\/2023\/10\/Koeleskabsseddel-turkis-billede.png 1080w\" sizes=\"auto, (max-width: 1024px) 100vw, 1024px\" \/><\/a><\/figure>\n<\/div>\n\n\n\n<div class=\"wp-block-column is-layout-flow wp-block-column-is-layout-flow\">\n<figure class=\"wp-block-image size-large\"><a href=\"https:\/\/acweber.dk\/wp-content\/uploads\/2024\/08\/Foraeldrehaefte-Matematik-i-spil-og-leg.pdf\" target=\"_blank\" rel=\"noreferrer noopener\"><img loading=\"lazy\" decoding=\"async\" width=\"1024\" height=\"1024\" src=\"https:\/\/acweber.dk\/wp-content\/uploads\/2024\/02\/Foraeldrehaefte-Matematik-i-spil-og-leg-billede-1024x1024.png\" alt=\"\" class=\"wp-image-693\" srcset=\"https:\/\/acweber.dk\/wp-content\/uploads\/2024\/02\/Foraeldrehaefte-Matematik-i-spil-og-leg-billede-1024x1024.png 1024w, https:\/\/acweber.dk\/wp-content\/uploads\/2024\/02\/Foraeldrehaefte-Matematik-i-spil-og-leg-billede-300x300.png 300w, https:\/\/acweber.dk\/wp-content\/uploads\/2024\/02\/Foraeldrehaefte-Matematik-i-spil-og-leg-billede-150x150.png 150w, https:\/\/acweber.dk\/wp-content\/uploads\/2024\/02\/Foraeldrehaefte-Matematik-i-spil-og-leg-billede-768x768.png 768w, https:\/\/acweber.dk\/wp-content\/uploads\/2024\/02\/Foraeldrehaefte-Matematik-i-spil-og-leg-billede.png 1080w\" sizes=\"auto, (max-width: 1024px) 100vw, 1024px\" \/><\/a><\/figure>\n<\/div>\n\n\n\n<div class=\"wp-block-column is-layout-flow wp-block-column-is-layout-flow\">\n<figure class=\"wp-block-image size-large\"><a href=\"https:\/\/acweber.dk\/wp-content\/uploads\/2024\/08\/Vaerksteder-matematik-i-spil-og-leg.pdf\" target=\"_blank\" rel=\"noreferrer noopener\"><img loading=\"lazy\" decoding=\"async\" width=\"1024\" height=\"1024\" src=\"https:\/\/acweber.dk\/wp-content\/uploads\/2024\/08\/Vaerksteder-matematik-i-spil-og-leg-billede-1-1024x1024.png\" alt=\"\" class=\"wp-image-753\" srcset=\"https:\/\/acweber.dk\/wp-content\/uploads\/2024\/08\/Vaerksteder-matematik-i-spil-og-leg-billede-1-1024x1024.png 1024w, https:\/\/acweber.dk\/wp-content\/uploads\/2024\/08\/Vaerksteder-matematik-i-spil-og-leg-billede-1-300x300.png 300w, https:\/\/acweber.dk\/wp-content\/uploads\/2024\/08\/Vaerksteder-matematik-i-spil-og-leg-billede-1-150x150.png 150w, https:\/\/acweber.dk\/wp-content\/uploads\/2024\/08\/Vaerksteder-matematik-i-spil-og-leg-billede-1-768x768.png 768w, https:\/\/acweber.dk\/wp-content\/uploads\/2024\/08\/Vaerksteder-matematik-i-spil-og-leg-billede-1.png 1080w\" sizes=\"auto, (max-width: 1024px) 100vw, 1024px\" \/><\/a><\/figure>\n<\/div>\n\n\n\n<div class=\"wp-block-column is-layout-flow wp-block-column-is-layout-flow\">\n<figure class=\"wp-block-image size-large\"><a href=\"https:\/\/acweber.dk\/wp-content\/uploads\/2024\/01\/Invitation-matematik-i-spil-og-leg.pdf\" target=\"_blank\" rel=\"noreferrer noopener\"><img loading=\"lazy\" decoding=\"async\" width=\"1024\" height=\"1024\" src=\"https:\/\/acweber.dk\/wp-content\/uploads\/2023\/10\/Invitaion-matematik-i-koekkenet-billede-1024x1024.png\" alt=\"\" class=\"wp-image-538\" srcset=\"https:\/\/acweber.dk\/wp-content\/uploads\/2023\/10\/Invitaion-matematik-i-koekkenet-billede-1024x1024.png 1024w, https:\/\/acweber.dk\/wp-content\/uploads\/2023\/10\/Invitaion-matematik-i-koekkenet-billede-300x300.png 300w, https:\/\/acweber.dk\/wp-content\/uploads\/2023\/10\/Invitaion-matematik-i-koekkenet-billede-150x150.png 150w, https:\/\/acweber.dk\/wp-content\/uploads\/2023\/10\/Invitaion-matematik-i-koekkenet-billede-768x768.png 768w, https:\/\/acweber.dk\/wp-content\/uploads\/2023\/10\/Invitaion-matematik-i-koekkenet-billede.png 1080w\" sizes=\"auto, (max-width: 1024px) 100vw, 1024px\" \/><\/a><\/figure>\n<\/div>\n<\/div>\n\n\n\n<div class=\"wp-block-columns is-layout-flex wp-container-core-columns-is-layout-28f84493 wp-block-columns-is-layout-flex\">\n<div class=\"wp-block-column is-layout-flow wp-block-column-is-layout-flow\">\n<figure class=\"wp-block-image size-large\"><a href=\"https:\/\/acweber.dk\/wp-content\/uploads\/2024\/02\/Bondeskak.pdf\" target=\"_blank\" rel=\"noreferrer noopener\"><img loading=\"lazy\" decoding=\"async\" width=\"1024\" height=\"1024\" src=\"https:\/\/acweber.dk\/wp-content\/uploads\/2024\/02\/Bondeskak-billede-1024x1024.png\" alt=\"\" class=\"wp-image-689\" srcset=\"https:\/\/acweber.dk\/wp-content\/uploads\/2024\/02\/Bondeskak-billede-1024x1024.png 1024w, https:\/\/acweber.dk\/wp-content\/uploads\/2024\/02\/Bondeskak-billede-300x300.png 300w, https:\/\/acweber.dk\/wp-content\/uploads\/2024\/02\/Bondeskak-billede-150x150.png 150w, https:\/\/acweber.dk\/wp-content\/uploads\/2024\/02\/Bondeskak-billede-768x768.png 768w, https:\/\/acweber.dk\/wp-content\/uploads\/2024\/02\/Bondeskak-billede.png 1080w\" sizes=\"auto, (max-width: 1024px) 100vw, 1024px\" \/><\/a><\/figure>\n<\/div>\n\n\n\n<div class=\"wp-block-column is-layout-flow wp-block-column-is-layout-flow\">\n<figure class=\"wp-block-image size-large\"><a href=\"https:\/\/acweber.dk\/wp-content\/uploads\/2024\/02\/Kryds-og-bolle.pdf\" target=\"_blank\" rel=\"noreferrer noopener\"><img loading=\"lazy\" decoding=\"async\" width=\"1024\" height=\"1024\" src=\"https:\/\/acweber.dk\/wp-content\/uploads\/2024\/02\/Kryds-og-bolle-billede-1024x1024.png\" alt=\"\" class=\"wp-image-688\" srcset=\"https:\/\/acweber.dk\/wp-content\/uploads\/2024\/02\/Kryds-og-bolle-billede-1024x1024.png 1024w, https:\/\/acweber.dk\/wp-content\/uploads\/2024\/02\/Kryds-og-bolle-billede-300x300.png 300w, https:\/\/acweber.dk\/wp-content\/uploads\/2024\/02\/Kryds-og-bolle-billede-150x150.png 150w, https:\/\/acweber.dk\/wp-content\/uploads\/2024\/02\/Kryds-og-bolle-billede-768x768.png 768w, https:\/\/acweber.dk\/wp-content\/uploads\/2024\/02\/Kryds-og-bolle-billede.png 1080w\" sizes=\"auto, (max-width: 1024px) 100vw, 1024px\" \/><\/a><\/figure>\n<\/div>\n\n\n\n<div class=\"wp-block-column is-layout-flow wp-block-column-is-layout-flow\">\n<figure class=\"wp-block-image size-large\"><a href=\"https:\/\/acweber.dk\/wp-content\/uploads\/2024\/03\/Yatzy-og-miniyatzy.pdf\" target=\"_blank\" rel=\"noreferrer noopener\"><img loading=\"lazy\" decoding=\"async\" width=\"1024\" height=\"1024\" src=\"https:\/\/acweber.dk\/wp-content\/uploads\/2024\/02\/Yatzy-og-min-iyatzy-billede-1024x1024.png\" alt=\"\" class=\"wp-image-687\" srcset=\"https:\/\/acweber.dk\/wp-content\/uploads\/2024\/02\/Yatzy-og-min-iyatzy-billede-1024x1024.png 1024w, https:\/\/acweber.dk\/wp-content\/uploads\/2024\/02\/Yatzy-og-min-iyatzy-billede-300x300.png 300w, https:\/\/acweber.dk\/wp-content\/uploads\/2024\/02\/Yatzy-og-min-iyatzy-billede-150x150.png 150w, https:\/\/acweber.dk\/wp-content\/uploads\/2024\/02\/Yatzy-og-min-iyatzy-billede-768x768.png 768w, https:\/\/acweber.dk\/wp-content\/uploads\/2024\/02\/Yatzy-og-min-iyatzy-billede.png 1080w\" sizes=\"auto, (max-width: 1024px) 100vw, 1024px\" \/><\/a><\/figure>\n<\/div>\n\n\n\n<div class=\"wp-block-column is-layout-flow wp-block-column-is-layout-flow\">\n<figure class=\"wp-block-image size-large\"><a href=\"https:\/\/acweber.dk\/wp-content\/uploads\/2024\/02\/Matematik.pdf\" target=\"_blank\" rel=\"noreferrer noopener\"><img loading=\"lazy\" decoding=\"async\" width=\"1024\" height=\"1024\" src=\"https:\/\/acweber.dk\/wp-content\/uploads\/2024\/02\/Matematik-billede-1024x1024.png\" alt=\"\" class=\"wp-image-690\" srcset=\"https:\/\/acweber.dk\/wp-content\/uploads\/2024\/02\/Matematik-billede-1024x1024.png 1024w, https:\/\/acweber.dk\/wp-content\/uploads\/2024\/02\/Matematik-billede-300x300.png 300w, https:\/\/acweber.dk\/wp-content\/uploads\/2024\/02\/Matematik-billede-150x150.png 150w, https:\/\/acweber.dk\/wp-content\/uploads\/2024\/02\/Matematik-billede-768x768.png 768w, https:\/\/acweber.dk\/wp-content\/uploads\/2024\/02\/Matematik-billede.png 1080w\" sizes=\"auto, (max-width: 1024px) 100vw, 1024px\" \/><\/a><\/figure>\n<\/div>\n<\/div>\n\n\n\n<p><\/p>\n","protected":false},"excerpt":{"rendered":"<p>Matematik i spil og leg Her finder du materialer til workshoppen&nbsp;matematik i spil og leg. Workshoppen er delt op i forskellige v\u00e6rksteder. Du finder ligeledes en beskrivelse af v\u00e6rkstederne samt en invitation der kan h\u00e6nges op ved klassen.<\/p>\n","protected":false},"author":1,"featured_media":0,"parent":0,"menu_order":0,"comment_status":"closed","ping_status":"closed","template":"","meta":{"footnotes":""},"class_list":["post-301","page","type-page","status-publish","hentry"],"_links":{"self":[{"href":"https:\/\/acweber.dk\/index.php\/wp-json\/wp\/v2\/pages\/301","targetHints":{"allow":["GET"]}}],"collection":[{"href":"https:\/\/acweber.dk\/index.php\/wp-json\/wp\/v2\/pages"}],"about":[{"href":"https:\/\/acweber.dk\/index.php\/wp-json\/wp\/v2\/types\/page"}],"author":[{"embeddable":true,"href":"https:\/\/acweber.dk\/index.php\/wp-json\/wp\/v2\/users\/1"}],"replies":[{"embeddable":true,"href":"https:\/\/acweber.dk\/index.php\/wp-json\/wp\/v2\/comments?post=301"}],"version-history":[{"count":18,"href":"https:\/\/acweber.dk\/index.php\/wp-json\/wp\/v2\/pages\/301\/revisions"}],"predecessor-version":[{"id":756,"href":"https:\/\/acweber.dk\/index.php\/wp-json\/wp\/v2\/pages\/301\/revisions\/756"}],"wp:attachment":[{"href":"https:\/\/acweber.dk\/index.php\/wp-json\/wp\/v2\/media?parent=301"}],"curies":[{"name":"wp","href":"https:\/\/api.w.org\/{rel}","templated":true}]}}